e 0 = 3*p + 10 - 1. Let x be (-9)/(-3)*((-34)/(-3) + p). Calculate the greatest common factor of x and 10.
5
Let l be -11 + 6/12*-10. Let d(c) = 2*c + 71. Let g be d(l). Let q(w) = 26*w. Let k be q(6). What is the greatest common divisor of g and k?
39
Suppose p - 4*n - 188 = 0, -561 = -5*p + 3*n + 294. Let q = 14 + -6. What is the highest common divisor of p and q?
8
Let x = -205 + 222. What is the greatest common divisor of x and 391?
17
Suppose 5*d = 5*s - 14 + 99, -d + 9 = 3*s. Suppose 4*o = 2*o + 36. Suppose -5*w = -7 - o. Calculate the greatest common factor of d and w.
5
Suppose 0 = -3*n + 5*n + 2. Let h(a) be the third derivative of 13*a**5/30 + 2*a**2. Let q be h(n). What is the highest common factor of q and 130?
26
Suppose -5*s = -5*v + 5105, 104*v + 3*s + 4083 = 108*v. Calculate the highest common factor of 24 and v.
12
Let a = 10 + 95. Suppose a = 6*d - 147. Calculate the greatest common divisor of 14 and d.
14
Let x = -200 + 333. What is the greatest common factor of x and 7?
7
Let p(u) = -7*u - 30. Suppose -5 = -48*b + 49*b. Let m be p(b). What is the highest common factor of m and 1?
1
Let o(i) = -64*i - 118. Let j be o(-2). What is the greatest common divisor of 625 and j?
5
Suppose 4*h = 19 + 21. Suppose 26 = j - h. Let r = 17 - -1. What is the greatest common divisor of j and r?
18
Let y = 7 + 33. Let q = -153 + y. Let l = q + 169. Calculate the greatest common factor of l and 140.
28
Suppose 0 = 4*x - j - 141, x = 4*j + 55 - 16. Let c be (2/(-3))/(2/(-840)). What is the highest common factor of c and x?
35
Let j = 3 - 2. Let w(c) = -3*c - 22. Let t be w(-8). Suppose 9 = t*n - 7. Calculate the highest common factor of n and j.
1
Let t(d) = 4*d + 54. Let w be t(-12). Let z be (2/w)/((-2)/(-6)) + 12. What is the highest common divisor of 65 and z?
13
Let m = -1568 - -1598. Let i be 18/(-8)*40/(-3). What is the greatest common factor of i and m?
30
Let y be (11 + (-2076)/(-24))*2. Calculate the greatest common divisor of 165 and y.
15
Let y = -28 + 46. Let k = y + 2. Suppose 0 = -4*v + 104 - k. Calculate the greatest common factor of v and 168.
21
Let v(j) = -j + 4. Let q be v(4). Let o(n) = q*n - n + n**2 + n - 15 + 6*n. Let k be o(-9). What is the highest common divisor of k and 12?
12
Let s(y) = 149*y + 26. Let h be s(2). Calculate the highest common factor of h and 36.
36
Suppose -14 = 18*m - 248. What is the highest common divisor of m and 403?
13
Suppose 9*d - 7*d = 4. Let x be d*(380/72 + 2/9). What is the greatest common divisor of x and 77?
11
Suppose -4*k - 4*n + 16 = 0, 3*n - 6 = -2*k + 1. Suppose f - 5*l - 25 = 0, k*f - 153 = -4*l + l. Calculate the greatest common factor of 10 and f.
10
Suppose 5*c - 8 - 8 = n, -c - 12 = -4*n. Suppose 0 = c*u - 83 - 29. What is the greatest common factor of u and 14?
14
Suppose -9*t = 5*t - 616. What is the greatest common factor of 4 and t?
4
Let f be 6/9 - 344/(-6). Let q = f + -28. What is the greatest common divisor of 10 and q?
10
Let i be (4 - 3 - (-199 - -7)) + -3. What is the highest common factor of 38 and i?
38
Let a = -7 + 25. Suppose 68*h - 2 = 67*h. Calculate the highest common divisor of a and h.
2
Let l = 19 - 15. Calculate the greatest common factor of l and 42.
2
Suppose 0 = 8*n - 3*n - 480. Let t(f) = 3*f - 1. Let y be t(-2). Let m = y - -39. What is the greatest common factor of m and n?
32
Let c = 2494 - 1636. What is the greatest common divisor of 33 and c?
33
Let x(r) = r**3 - 13*r**2 - 13*r - 8. Suppose -5*p + 18 = -52. Let v be x(p). Calculate the greatest common factor of v and 18.
6
Suppose -2*b - 4*u - 11 = -331, -292 = -2*b + 3*u. Calculate the highest common divisor of b and 57.
19
Let q = 2877 + -2761. Let s(l) = l**3 - 6*l**2. Let n be s(6). Suppose -f + 5 + 24 = n. What is the highest common divisor of q and f?
29
Let t = 222 - 210. Suppose -2*w + 482 = 5*g, 0 = 2*g - 0*w + 2*w - 194. What is the greatest common factor of t and g?
12
Let c(q) = q - 1. Let a(f) = 20*f - 6. Let h(v) = a(v) - 4*c(v). Let i be h(1). Suppose 0 = -3*p - p + 56. Calculate the highest common factor of i and p.
14
Let k be (-2 + 92/(-6))/(86/(-1161)). What is the greatest common factor of k and 91?
13
Let d(j) = 3*j**2 - 2*j + 3. Let l be d(2). Suppose -b - 42 = -5*a, 0 = 3*a + 2*b + l - 31. What is the highest common divisor of 20 and a?
4
Let i(c) = -5*c - 8. Let j be i(-1). Let w be 432/(-5)*j/(18/20). Calculate the highest common divisor of w and 32.
32
Let w(o) = -o**2 + 8*o + 15. Suppose m + 5*l - 24 = l, 4*m - 44 = -3*l. Let c be w(m). Calculate the greatest common divisor of 60 and c.
15
Suppose 70 = 3*x + 55. What is the greatest common factor of x and 1?
1
Let j = 216 + -152. Calculate the greatest common divisor of 24 and j.
8
Suppose 3*c + 8*t - 1953 = 6*t, -5*c = 4*t - 3257. Calculate the highest common factor of 11 and c.
11
Let a = 0 + 4. Suppose a = -2*y + 36. Suppose -4*c + 48 = -48. Calculate the highest common divisor of y and c.
8
Suppose 5*y = -2*z + 118, -2*z + z = -5*y + 106. Suppose -142*g + 129*g + 2002 = 0. What is the highest common divisor of g and y?
22
Suppose 0 = -5*n + 15, -2*k + 7 = n - 2*n. Let b be ((-8)/k)/((-4)/40). Calculate the greatest common divisor of 176 and b.
16
Suppose -38*m = -51*m + 702. Calculate the greatest common divisor of 90 and m.
18
Suppose -9*o - 120 = -5*o. Let b be (20/o)/((-4)/(-30)). Let k be ((-4)/b)/(4/150). What is the greatest common factor of 10 and k?
10
Suppose 2*x - 46*j + 44*j - 16 = 0, -4*x = 4*j. Calculate the highest common divisor of 16 and x.
4
Let k = 63 + -60. Suppose 3*p = -4*z + 57, 49 = k*p - z - 23. What is the highest common divisor of 23 and p?
23
Let p be 16/(11 - 7) + 0. What is the greatest common divisor of p and 4?
4
Suppose -f - 12 = 4*h, -3*f = -0*h - 4*h + 4. Let y be (f*(-33)/(-30))/(4/(-60)). Calculate the highest common factor of 6 and y.
6
Suppose -18*o - 53 + 179 = 0. Calculate the highest common divisor of o and 49.
7
Suppose -2*c - 11 = -3*c. Suppose -1680*i = -1688*i + 440. Calculate the greatest common factor of c and i.
11
Suppose 2*d + 2*t - 136 = 0, -2*d + 3*t + 60 = -d. Let s = -2 - -5. Let a be ((-2)/(-4))/(s/36). Calculate the greatest common factor of a and d.
6
Let r = -31 + 47. Calculate the highest common factor of 272 and r.
16
Let f be (44/16)/(5/(-40)). Let c be (-9)/(-1) + f/11. Suppose 0 = -4*d - 4, 0 = 5*x - 3*d - 337 + 54. Calculate the highest common divisor of c and x.
7
Let w be 111 - (-1 - (1 + -1)). Let z = 202 - w. Let b = z - 58. What is the greatest common divisor of b and 16?
16
Let f be ((-322)/21)/((-4)/6). What is the highest common divisor of f and 437?
23
Let m = 25 - -20. Let u(v) = -v**3 + 19*v**2 - 16*v - 42. Let k be u(18). Let q be k/30 - -2*38/5. Calculate the greatest common factor of q and m.
15
Let x be (-12)/24 - (-14)/4. Let j = 5 - -10. What is the greatest common factor of x and j?
3
Let d = -23 + 26. Suppose 5*v - d*v - 120 = 0. What is the greatest common factor of 24 and v?
12
Let k(m) = 6*m**2 + m + 2. Let z be k(-3). Let s = z - 34. What is the highest common divisor of s and 38?
19
Suppose -23*n + 3 = -22*n. Suppose -4*x + 200 = -4*m, -2*x - 34 = -n*x - 3*m. What is the highest common divisor of x and 138?
46
Suppose 0 = 4*a + a - p - 2940, -p = 5*a - 2940. Suppose -a = 5*d + 362. Let g = d - -326. Calculate the greatest common factor of 17 and g.
17
Suppose 7*u + 325 = 12*u - 5*c, -2*c = -10. What is the greatest common factor of 42 and u?
14
Let t = 13 + 3. Let u be (-2 - 11/(-3))*36/15. What is the greatest common factor of t and u?
4
Let u be 2412/39 - (-56)/364. Calculate the greatest common divisor of u and 1922.
62
Let f(y) = 14*y**2 - 24*y + 42. Let n(o) = -5*o**2 + 8*o - 14. Let k(d) = 3*f(d) + 8*n(d). Let c be k(4). Calculate the highest common factor of 35 and c.
7
Let w be ((-14)/6)/(25/(-450)). What is the greatest common divisor of 56 and w?
14
Suppose -30*n = -31*n + 5. Let s(k) = k - 1. Let o be s(6). Suppose 76 = 5*c + o*a - a, 64 = n*c + a. What is the greatest common factor of 108 and c?
12
Let x = -500 + 513. Let h = -1 - -1. Suppose 5*k + g - 65 = 0, k = -h*k - 5*g + 13. What is the highest common factor of k and x?
13
Let y(j) = j**2 - 7*j + 5. Let g be y(8). Suppose 0 = -g*p + 11*p + 12. What is the g